{"id":205498,"date":"2018-02-22T07:12:04","date_gmt":"2018-02-22T07:12:04","guid":{"rendered":"https:\/\/trachselag.ch\/web\/?page_id=205498"},"modified":"2023-12-27T10:29:17","modified_gmt":"2023-12-27T10:29:17","slug":"impressum","status":"publish","type":"page","link":"https:\/\/trachselag.ch\/web\/impressum\/","title":{"rendered":"Impressum\/Datenschutz"},"content":{"rendered":"<p>[et_pb_section fb_built=&#8220;1&#8243; _builder_version=&#8220;4.16&#8243; background_color=&#8220;#a0a0a0&#8243; global_colors_info=&#8220;{}&#8220;][et_pb_row _builder_version=&#8220;4.16&#8243; background_size=&#8220;initial&#8220; background_position=&#8220;top_left&#8220; background_repeat=&#8220;repeat&#8220; global_colors_info=&#8220;{}&#8220;][et_pb_column type=&#8220;4_4&#8243; _builder_version=&#8220;4.16&#8243; custom_padding=&#8220;|||&#8220; global_colors_info=&#8220;{}&#8220; custom_padding__hover=&#8220;|||&#8220;][et_pb_text _builder_version=&#8220;4.23.3&#8243; header_4_font_size=&#8220;25px&#8220; background_color=&#8220;#ffffff&#8220; custom_padding=&#8220;40px|60px|40px|60px&#8220; hover_enabled=&#8220;0&#8243; box_shadow_style=&#8220;preset1&#8243; global_colors_info=&#8220;{}&#8220; sticky_enabled=&#8220;0&#8243;]<\/p>\n<h1>Impressum<\/h1>\n<h2>Kontaktadresse<\/h2>\n<p>Samuel Trachsel AG<br \/>\nKreuzgasse 5<br \/>\nCH-3715 Adelboden<br \/>\nTelefon 0041 33 673 16 77<br \/>\nFax 0041 33 673 16 78<br \/>\nE-Mail:\u00a0info@trachselag.ch<\/p>\n<p><strong>Handelsregister-Nummer<\/strong><br \/>\nCH-092.3.008.192-0<\/p>\n<p><strong>UID\/MWST<\/strong><br \/>\nCHE-107.282.159<\/p>\n<h2>Haftungsausschluss<\/h2>\n<p>Der Autor \u00fcbernimmt keinerlei Gew\u00e4hr hinsichtlich der inhaltlichen Richtigkeit, Genauigkeit, Aktualit\u00e4t, Zuverl\u00e4ssigkeit und Vollst\u00e4ndigkeit der Informationen. Haftungsanspr\u00fcche gegen den Autor wegen Sch\u00e4den materieller oder immaterieller Art, welche aus dem Zugriff oder der Nutzung bzw. Nichtnutzung der ver\u00f6ffentlichten Informationen, durch Missbrauch der Verbindung oder durch technische St\u00f6rungen entstanden sind, werden ausgeschlossen. Alle Angebote sind unverbindlich. Der Autor beh\u00e4lt es sich ausdr\u00fccklich vor, Teile der Seiten oder das gesamte Angebot ohne gesonderte Ank\u00fcndigung zu ver\u00e4ndern, zu erg\u00e4nzen, zu l\u00f6schen oder die Ver\u00f6ffentlichung zeitweise oder endg\u00fcltig einzustellen.<\/p>\n<h2>Haftung f\u00fcr Links<\/h2>\n<p>Verweise und Links auf Webseiten Dritter liegen ausserhalb unseres Verantwortungsbereichs Es wird jegliche Verantwortung f\u00fcr solche Webseiten abgelehnt. Der Zugriff und die Nutzung solcher Webseiten erfolgen auf eigene Gefahr des Nutzers oder der Nutzerin.<\/p>\n<h2>Kontaktaufnahme<\/h2>\n<p>Bei der Kontaktaufnahme mit dem Anbieter (zum Beispiel per Kontaktformular oder E-Mail) werden die Angaben des Nutzers zwecks Bearbeitung der Anfrage sowie f\u00fcr den Fall, dass Anschlussfragen entstehen, gespeichert.<\/p>\n<h2>Urheberrechte<\/h2>\n<p>Die Urheber- und alle anderen Rechte an Inhalten, Bildern, Fotos oder anderen Dateien auf der Website geh\u00f6ren ausschliesslich der Firma Trachsel AG oder den speziell genannten Rechtsinhabern. F\u00fcr die Reproduktion jeglicher Elemente ist die schriftliche Zustimmung der Urheberrechtstr\u00e4ger im Voraus einzuholen.<\/p>\n<p>&nbsp;<\/p>\n<h4>Umsetzung Webdesign<\/h4>\n<p><a href=\"http:\/\/dmd-productions.ch\" target=\"_blank\" rel=\"noopener\">dmd-productions.ch<\/a><br \/>\nDorfstrasse 7 | 3714 Frutigen[\/et_pb_text][\/et_pb_column][\/et_pb_row][\/et_pb_section]<\/p>\n","protected":false},"excerpt":{"rendered":"<p>Impressum Kontaktadresse Samuel Trachsel AG Kreuzgasse 5 CH-3715 Adelboden Telefon 0041 33 673 16 77 Fax 0041 33 673 16 78 E-Mail:\u00a0info@trachselag.ch Handelsregister-Nummer CH-092.3.008.192-0 UID\/MWST CHE-107.282.159 Haftungsausschluss Der Autor \u00fcbernimmt keinerlei Gew\u00e4hr hinsichtlich der inhaltlichen Richtigkeit, Genauigkeit, Aktualit\u00e4t, Zuverl\u00e4ssigkeit und Vollst\u00e4ndigkeit der Informationen. Haftungsanspr\u00fcche gegen den Autor wegen Sch\u00e4den materieller oder immaterieller Art, welche aus dem Zugriff oder der Nutzung bzw. Nichtnutzung der ver\u00f6ffentlichten Informationen, durch Missbrauch der Verbindung oder durch technische St\u00f6rungen entstanden sind, werden ausgeschlossen. Alle Angebote sind unverbindlich. Der Autor beh\u00e4lt es sich ausdr\u00fccklich vor, Teile der Seiten oder das gesamte Angebot ohne gesonderte Ank\u00fcndigung zu ver\u00e4ndern, zu erg\u00e4nzen, zu l\u00f6schen oder die Ver\u00f6ffentlichung zeitweise oder endg\u00fcltig einzustellen. Haftung f\u00fcr Links Verweise und Links auf Webseiten Dritter liegen ausserhalb unseres Verantwortungsbereichs Es wird jegliche Verantwortung f\u00fcr solche Webseiten abgelehnt. Der Zugriff und die Nutzung solcher Webseiten erfolgen auf eigene Gefahr des Nutzers oder der Nutzerin. Kontaktaufnahme Bei der Kontaktaufnahme mit dem Anbieter (zum Beispiel per Kontaktformular oder E-Mail) werden die Angaben des Nutzers zwecks Bearbeitung der Anfrage sowie f\u00fcr den Fall, dass Anschlussfragen entstehen, gespeichert. Urheberrechte Die Urheber- und alle anderen Rechte an Inhalten, Bildern, Fotos oder anderen Dateien auf der Website geh\u00f6ren ausschliesslich der Firma Trachsel [&hellip;]<\/p>\n","protected":false},"author":1,"featured_media":0,"parent":0,"menu_order":0,"comment_status":"closed","ping_status":"closed","template":"","meta":{"_et_pb_use_builder":"on","_et_pb_old_content":"","_et_gb_content_width":"","footnotes":""},"class_list":["post-205498","page","type-page","status-publish","hentry"],"_links":{"self":[{"href":"https:\/\/trachselag.ch\/web\/wp-json\/wp\/v2\/pages\/205498","targetHints":{"allow":["GET"]}}],"collection":[{"href":"https:\/\/trachselag.ch\/web\/wp-json\/wp\/v2\/pages"}],"about":[{"href":"https:\/\/trachselag.ch\/web\/wp-json\/wp\/v2\/types\/page"}],"author":[{"embeddable":true,"href":"https:\/\/trachselag.ch\/web\/wp-json\/wp\/v2\/users\/1"}],"replies":[{"embeddable":true,"href":"https:\/\/trachselag.ch\/web\/wp-json\/wp\/v2\/comments?post=205498"}],"version-history":[{"count":9,"href":"https:\/\/trachselag.ch\/web\/wp-json\/wp\/v2\/pages\/205498\/revisions"}],"predecessor-version":[{"id":206060,"href":"https:\/\/trachselag.ch\/web\/wp-json\/wp\/v2\/pages\/205498\/revisions\/206060"}],"wp:attachment":[{"href":"https:\/\/trachselag.ch\/web\/wp-json\/wp\/v2\/media?parent=205498"}],"curies":[{"name":"wp","href":"https:\/\/api.w.org\/{rel}","templated":true}]}}

<p>[et_pb_section fb_built=&#8220;1&#8243; _builder_version=&#8220;4.16&#8243; background_color=&#8220;#a0a0a0&#8243; global_colors_info=&#8220;{}&#8220;][et_pb_row _builder_version=&#8220;4.16&#8243; background_size=&#8220;initial&#8220; background_position=&#8220;top_left&#8220; background_repeat=&#8220;repeat&#8220; global_colors_info=&#8220;{}&#8220;][et_pb_column type=&#8220;4_4&#8243; _builder_version=&#8220;4.16&#8243; custom_padding=&#8220;|||&#8220; global_colors_info=&#8220;{}&#8220; custom_padding__hover=&#8220;|||&#8220;][et_pb_text _builder_version=&#8220;4.23.3&#8243; header_4_font_size=&#8220;25px&#8220; background_color=&#8220;#ffffff&#8220; custom_padding=&#8220;40px|60px|40px|60px&#8220; hover_enabled=&#8220;0&#8243; box_shadow_style=&#8220;preset1&#8243; global_colors_info=&#8220;{}&#8220; sticky_enabled=&#8220;0&#8243;]</p>
<h1>Impressum</h1>
<h2>Kontaktadresse</h2>
<p>Samuel Trachsel AG<br />
Kreuzgasse 5<br />
CH-3715 Adelboden<br />
Telefon 0041 33 673 16 77<br />
Fax 0041 33 673 16 78<br />
E-Mail: info@trachselag.ch</p>
<p><strong>Handelsregister-Nummer</strong><br />
CH-092.3.008.192-0</p>
<p><strong>UID/MWST</strong><br />
CHE-107.282.159</p>
<h2>Haftungsausschluss</h2>
<p>Der Autor übernimmt keinerlei Gewähr hinsichtlich der inhaltlichen Richtigkeit, Genauigkeit, Aktualität, Zuverlässigkeit und Vollständigkeit der Informationen. Haftungsansprüche gegen den Autor wegen Schäden materieller oder immaterieller Art, welche aus dem Zugriff oder der Nutzung bzw. Nichtnutzung der veröffentlichten Informationen, durch Missbrauch der Verbindung oder durch technische Störungen entstanden sind, werden ausgeschlossen. Alle Angebote sind unverbindlich. Der Autor behält es sich ausdrücklich vor, Teile der Seiten oder das gesamte Angebot ohne gesonderte Ankündigung zu verändern, zu ergänzen, zu löschen oder die Veröffentlichung zeitweise oder endgültig einzustellen.</p>
<h2>Haftung für Links</h2>
<p>Verweise und Links auf Webseiten Dritter liegen ausserhalb unseres Verantwortungsbereichs Es wird jegliche Verantwortung für solche Webseiten abgelehnt. Der Zugriff und die Nutzung solcher Webseiten erfolgen auf eigene Gefahr des Nutzers oder der Nutzerin.</p>
<h2>Kontaktaufnahme</h2>
<p>Bei der Kontaktaufnahme mit dem Anbieter (zum Beispiel per Kontaktformular oder E-Mail) werden die Angaben des Nutzers zwecks Bearbeitung der Anfrage sowie für den Fall, dass Anschlussfragen entstehen, gespeichert.</p>
<h2>Urheberrechte</h2>
<p>Die Urheber- und alle anderen Rechte an Inhalten, Bildern, Fotos oder anderen Dateien auf der Website gehören ausschliesslich der Firma Trachsel AG oder den speziell genannten Rechtsinhabern. Für die Reproduktion jeglicher Elemente ist die schriftliche Zustimmung der Urheberrechtsträger im Voraus einzuholen.</p>
<p>&nbsp;</p>
<h4>Umsetzung Webdesign</h4>
<p><a href="http://dmd-productions.ch" target="_blank" rel="noopener">dmd-productions.ch</a><br />
Dorfstrasse 7 | 3714 Frutigen[/et_pb_text][/et_pb_column][/et_pb_row][/et_pb_section]</p>

<p>Impressum Kontaktadresse Samuel Trachsel AG Kreuzgasse 5 CH-3715 Adelboden Telefon 0041 33 673 16 77 Fax 0041 33 673 16 78 E-Mail: info@trachselag.ch Handelsregister-Nummer CH-092.3.008.192-0 UID/MWST CHE-107.282.159 Haftungsausschluss Der Autor übernimmt keinerlei Gewähr hinsichtlich der inhaltlichen Richtigkeit, Genauigkeit, Aktualität, Zuverlässigkeit und Vollständigkeit der Informationen. Haftungsansprüche gegen den Autor wegen Schäden materieller oder immaterieller Art, welche aus dem Zugriff oder der Nutzung bzw. Nichtnutzung der veröffentlichten Informationen, durch Missbrauch der Verbindung oder durch technische Störungen entstanden sind, werden ausgeschlossen. Alle Angebote sind unverbindlich. Der Autor behält es sich ausdrücklich vor, Teile der Seiten oder das gesamte Angebot ohne gesonderte Ankündigung zu verändern, zu ergänzen, zu löschen oder die Veröffentlichung zeitweise oder endgültig einzustellen. Haftung für Links Verweise und Links auf Webseiten Dritter liegen ausserhalb unseres Verantwortungsbereichs Es wird jegliche Verantwortung für solche Webseiten abgelehnt. Der Zugriff und die Nutzung solcher Webseiten erfolgen auf eigene Gefahr des Nutzers oder der Nutzerin. Kontaktaufnahme Bei der Kontaktaufnahme mit dem Anbieter (zum Beispiel per Kontaktformular oder E-Mail) werden die Angaben des Nutzers zwecks Bearbeitung der Anfrage sowie für den Fall, dass Anschlussfragen entstehen, gespeichert. Urheberrechte Die Urheber- und alle anderen Rechte an Inhalten, Bildern, Fotos oder anderen Dateien auf der Website gehören ausschliesslich der Firma Trachsel [&hellip;]</p>
